{"id":1518,"date":"2019-01-12T13:20:57","date_gmt":"2019-01-12T12:20:57","guid":{"rendered":"http:\/\/otm.webzauberer.com\/?page_id=1518"},"modified":"2026-02-13T06:37:55","modified_gmt":"2026-02-13T05:37:55","slug":"einschreibung-otm","status":"publish","type":"page","link":"https:\/\/ostdeutsche-trialmeisterschaft.de\/index.php\/einschreibung-otm\/","title":{"rendered":"Einschreibung 2026"},"content":{"rendered":"<p style=\"text-align: center;\"><strong>Einschreibung f\u00fcr die Ostdeutsche Trial Meisterschaft 2026<\/strong><\/p>\n<p style=\"text-align: left;\">Im folgenden schreibt ihr euch f\u00fcr die Ostdeutsche Trial Meisterschaft ein.<br \/>\nBitte lest euch vor der Einschreibung die Ausschreibung des S\u00e4chsischen Landesfachverband Motorsport e.V. f\u00fcr die Ostdeutsche Trial Meisterschaft 2026 gr\u00fcndlich durch.<\/p>\n<p style=\"text-align: left;\"><a href=\"https:\/\/ostdeutsche-trialmeisterschaft.de\/wp-content\/uploads\/2026\/02\/Ausschreibung-OTM-2026.pdf\" target=\"_blank\" rel=\"noopener\">Ausschreibung Ostdeutsche Trial Meisterschaft 2026<\/a><br \/>\nDiese ist Grundlage f\u00fcr folgende Einschreibung.<\/p>\n<p>F\u00fcr die Einschreibung m\u00fcsst ihr euch unter <a href=\"https:\/\/trial-sport-live.de\/registration\/login.php\">www.trial-sport-live.de<\/a> registrieren bzw. einloggen. Nachdem ihr euch dort erfolgreich eingeschrieben habt, m\u00fcsst ihr noch die Einschreibegeb\u00fchr in H\u00f6he von 20,00 Euro unter folgender Bankverbindung einzahlen.<\/p>\n<p>Kontoinhaber: S\u00e4chsischer Landesfachverband Motorsport e.V.<br \/>\nIBAN: DE13 8705 4000 0725 0458 33<br \/>\nVerwendungszweck: OTM025\/2026, Name, Vorname<br \/>\n(Bitte genau so angeben, da auch andere Sportarten ihre Einschreibung \u00fcber dieses Konto abwickeln und die Einzahlung sonst nicht korrekt zugeordnet werden kann!<br \/>\nWenn mehrere Einschreibegeb\u00fchren gesammelt \u00fcberwiesen werden, bitte Name und Vorname von jedem Einschreibenden angeben!)<\/p>\n<p>Sobald die Einschreibegeb\u00fchr auf dem Konto des SLM eingegangen ist und alle Daten gepr\u00fcft wurden, werdet ihr f\u00fcr die Saison zugelassen. F\u00fcr alle Vorg\u00e4nge erhaltet ihr jeweils eine Best\u00e4tigungsmail. Den aktuellen Stand eurer Einschreibung, Meisterschaftsst\u00e4nde, Einschreibungen f\u00fcr weitere Meisterschaften, Veranstaltungsverwaltungen und vieles weitere findet ihr jederzeit in eurem trial-sport-live Account.<\/p>\n<p>Sportliche Gr\u00fc\u00dfe w\u00fcnscht eurer OTM Orgateam<\/p>\n","protected":false},"excerpt":{"rendered":"<p>Einschreibung f\u00fcr die Ostdeutsche Trial Meisterschaft 2026 Im folgenden schreibt ihr euch f\u00fcr die Ostdeutsche Trial Meisterschaft ein. Bitte lest euch vor der Einschreibung die Ausschreibung des S\u00e4chsischen Landesfachverband Motorsport e.V. f\u00fcr die Ostdeutsche Trial Meisterschaft 2026 gr\u00fcndlich durch. Ausschreibung &hellip; <a href=\"https:\/\/ostdeutsche-trialmeisterschaft.de\/index.php\/einschreibung-otm\/\">Weiterlesen <span class=\"meta-nav\">&rarr;<\/span><\/a><\/p>\n","protected":false},"author":3,"featured_media":0,"parent":0,"menu_order":2,"comment_status":"closed","ping_status":"closed","template":"","meta":{"_bbp_topic_count":0,"_bbp_reply_count":0,"_bbp_total_topic_count":0,"_bbp_total_reply_count":0,"_bbp_voice_count":0,"_bbp_anonymous_reply_count":0,"_bbp_topic_count_hidden":0,"_bbp_reply_count_hidden":0,"_bbp_forum_subforum_count":0,"ngg_post_thumbnail":0,"footnotes":""},"class_list":["post-1518","page","type-page","status-publish","hentry"],"_links":{"self":[{"href":"https:\/\/ostdeutsche-trialmeisterschaft.de\/index.php\/wp-json\/wp\/v2\/pages\/1518","targetHints":{"allow":["GET"]}}],"collection":[{"href":"https:\/\/ostdeutsche-trialmeisterschaft.de\/index.php\/wp-json\/wp\/v2\/pages"}],"about":[{"href":"https:\/\/ostdeutsche-trialmeisterschaft.de\/index.php\/wp-json\/wp\/v2\/types\/page"}],"author":[{"embeddable":true,"href":"https:\/\/ostdeutsche-trialmeisterschaft.de\/index.php\/wp-json\/wp\/v2\/users\/3"}],"replies":[{"embeddable":true,"href":"https:\/\/ostdeutsche-trialmeisterschaft.de\/index.php\/wp-json\/wp\/v2\/comments?post=1518"}],"version-history":[{"count":28,"href":"https:\/\/ostdeutsche-trialmeisterschaft.de\/index.php\/wp-json\/wp\/v2\/pages\/1518\/revisions"}],"predecessor-version":[{"id":3305,"href":"https:\/\/ostdeutsche-trialmeisterschaft.de\/index.php\/wp-json\/wp\/v2\/pages\/1518\/revisions\/3305"}],"wp:attachment":[{"href":"https:\/\/ostdeutsche-trialmeisterschaft.de\/index.php\/wp-json\/wp\/v2\/media?parent=1518"}],"curies":[{"name":"wp","href":"https:\/\/api.w.org\/{rel}","templated":true}]}}